= -22*o + 2. Let i be l(2). Let b = -22 - i. What is the remainder when 77 is divided by b?
17
Let p be (-38)/(-5)*150/20. Suppose 5*g = 5*j - 265, 0 = j - 2*g - 0*g - p. Calculate the remainder when j is divided by 10.
9
Let l = 17 + -40. Suppose -3 = -r - 14. Let x = r - l. Calculate the remainder when 47 is divided by x.
11
Suppose 0 = 38*l - 1416 - 28. What is the remainder when 108 is divided by l?
32
Let d = -204 - -247. What is the remainder when 1245 is divided by d?
41
Let n(s) = 28*s - 2. Let p(u) = 26*u - 648. Calculate the remainder when n(5) is divided by p(26).
26
Suppose -2*s + 3*n - 134 = -3*s, 0 = -3*n + 6. What is the remainder when s is divided by 25?
3
Calculate the remainder when (-8)/(-40) - 1204/(-5) is divided by 22.
21
Calculate the remainder when 209 is divided by 481/9 - 32/72.
50
Let s = -32 - -37. Suppose -20 = -10*a + s*a. What is the remainder when 14 is divided by a?
2
Let l(u) = u**3 + 17*u**2 - 31. Let v be l(-17). Let f = -22 - v. What is the remainder when f is divided by (-3)/12 + (-25)/(-4)?
3
Let g(y) = -y**3 - 13*y**2 - 14*y + 40. Calculate the remainder when g(-12) is divided by 10.
4
Let h(n) = 19*n**2 + 112*n + 2. What is the remainder when 375 is divided by h(-6)?
11
Suppose n + 1576 = 1651. Calculate the remainder when n is divided by (-9)/3 - (-34 - -2).
17
Let m(p) = 10*p**2 - 3*p - 45. What is the remainder when m(8) is divided by 16?
11
Suppose -3*t - 2 = -56. Let s = t - 11. Suppose 3*j - 37 = 44. What is the remainder when j is divided by s?
6
Suppose 10*r = 6*r - 5*c + 84, 3*r + 3*c - 63 = 0. What is the remainder when 115 is divided by r?
10
Suppose -4*k = 8 + 20. Let p be (-1)/3 + k/(-3). What is the remainder when 7 is divided by 18/3 + (0 - p)?
3
Suppose -2*u = -3*u - 2. Let x(n) = -23*n - 78. Calculate the remainder when x(-9) is divided by u*(0 - (-66)/(-4)).
30
Let n = -207 - -331. What is the remainder when n is divided by 25?
24
Let x = 77 + -35. Calculate the remainder when 1738/14 - (-7)/(343/(-7)) is divided by x.
40
Suppose 5*q + 3 = -a - 8, -q = a - 1. What is the remainder when 0 + (26 - (q - -5)) is divided by 13?
11
Let o(f) = -15*f - 280. Calculate the remainder when o(-47) is divided by 86.
81
Let g = -455 + 589. What is the remainder when g is divided by 30?
14
Let z(b) = 3*b + 3*b + 4*b - 4*b + 3. Let a be z(-4). What is the remainder when 15 is divided by 8/(-3)*a/14?
3
Let b(u) = 8*u**3 - 3*u**2 + 3*u - 2. Let z be b(2). Let d = 79 - z. Suppose -4*s - 10 = -34. Calculate the remainder when d is divided by s.
5
Let m be (-10)/(-10)*(2 - 2). Suppose -3*q + 5*j + 225 = m, -2*q + 143 = -3*j + 2*j. What is the remainder when q is divided by 24?
22
Let g = 26 - 24. Suppose g*m = -0*z + 2*z + 50, -2*m + 5*z = -62. What is the remainder when 62 is divided by m?
20
Let t(c) = 2*c + 9. What is the remainder when 59 is divided by t(2)?
7
Let t(j) = 16*j**2 - 2*j. Let i be t(2). Suppose -2*m + 0*z = -3*z - i, 4*z + 8 = 0. Calculate the remainder when m is divided by 15.
12
Let f = 15 - 53. What is the remainder when 73 is divided by (1/2)/((-1)/f)?
16
What is the remainder when 58 is divided by (-8 - (-7 + 3))/((-2)/8)?
10
Let a = 32 + -26. Suppose 0 = -a*o + 5*o + 6. Suppose 3*q + o = 9. Calculate the remainder when 2 is divided by q.
0
Suppose -3*y = 4*o - 9*o, 3*o + 5*y - 34 = 0. Suppose 7*u - o*u - 164 = 0. Suppose -u = -3*k - 2. What is the remainder when 37 is divided by k?
11
Let q(r) = -r**2 + 21*r + 18. Calculate the remainder when q(21) is divided by 10.
8
Let z = -70 + 615. Suppose -8*r = -3*r - z. Suppose -169 + 57 = -4*j. What is the remainder when r is divided by j?
25
Let v(t) = t**2 - 14*t - 440. Calculate the remainder when 1757 is divided by v(-16).
37
Let r be (-8)/36 + (-40)/(-18). Suppose j - u = -r*u + 8, 4*j = -3*u + 27. Calculate the remainder when 9 is divided by j.
0
Let b(q) = q**2 + 26*q + 117. Calculate the remainder when b(-24) is divided by 9.
6
What is the remainder when 202 is divided by -57 + 54 + 30 + 0 + 2?
28
Suppose -12 = -2*l - 22. Let k = l - -19. Suppose 0 = -i - 4*o + 60, 0*i - 185 = -4*i - 5*o. Calculate the remainder when i is divided by k.
12
What is the remainder when 243/(-12)*(-2 + (-8)/12) is divided by 70/(-1)*4/(-10)?
26
Suppose -5*m = -o + 10, -o - 3*m = -0*o - 50. Calculate the remainder when o is divided by ((-21)/12)/((-2)/16).
7
What is the remainder when 15 is divided by (-5)/(5*(-8)/16)?
1
Let l = -421 + 672. Calculate the remainder when l is divided by 86.
79
Let l(f) = f**3 + 7*f**2 + 4*f - 7. Let w be l(-6). Suppose -2*m + a = -14, -m + 4*a + w = 12. What is the remainder when m is divided by 7?
2
Suppose -4*u - 5*q + 118 = 0, 3*u = -2*q + 6*q + 73. Let t = 161 - 159. What is the remainder when u is divided by t?
1
Let y(f) = f - 5*f + f + 6*f. Let d be 1/(-2) - 27/(-6). Calculate the remainder when 34 is divided by y(d).
10
Let w = -171 + 215. Calculate the remainder when 259 is divided by w.
39
Suppose -r - 15 = -5*r - 5*b, -5*r + 2*b - 6 = 0. Suppose -4*d + 16 = -r*d. Let u = d + 24. What is the remainder when u is divided by 15?
13
Suppose 4*k + 196 = 17*d - 13*d, d - 2*k - 47 = 0. Calculate the remainder when d is divided by 13.
12
Let v(n) = -3*n + 3. Let o(y) = -y + 1. Let l(i) = 5*o(i) - 2*v(i). Let u(x) = x**2 - x + 8. Calculate the remainder when u(0) is divided by l(6).
3
Let w(r) = -42*r - 291. Calculate the remainder when 674 is divided by w(-8).
44
Suppose 0 = -5*l - 10, 5*d - 5 = 4*d - 4*l. What is the remainder when 36 is divided by d?
10
Let g = 8 - 16. Suppose 132*i - 252 = 120*i. Calculate the remainder when (-2 - g/6)*-93 is divided by i.
20
Let l = -10 - -13. Suppose 2*q + 46 = -l*c + 2, 0 = -3*q + 3*c - 51. Calculate the remainder when 35 is divided by (-1 - 1)*q/2.
16
Calculate the remainder when (-1)/((-4)/6)*66 is divided by 8/12 - 8500/(-255).
31
Suppose -2*y - 321 = y. Suppose -2*a + 4*c - 2*c = 326, 4*c + 4 = 0. Let r = y - a. What is the remainder when r is divided by 30?
27
Calculate the remainder when (((-54)/15)/(-3))/(45/1650) is divided by (-49 + 1)*1/(-2).
20
Suppose 0 = -4*o - f + 709, -548 = -3*o + 12*f - 16*f. Calculate the remainder when o is divided by 30.
26
Calculate the remainder when 21804/48 + (-1)/4 is divided by 6.
4
Suppose 37*f + 196 = 44*f. What is the remainder when 111 is divided by f?
27
Let a(i) = 6*i**2 + 1. Suppose 0*j + j - 3 = -4*x, 11 = 3*x - j. Calculate the remainder when 73 is divided by a(x).
23
Let b(t) = -68*t - 6. Let z be b(-2). Let l be (-500)/z + 2/(-13). Let c(r) = 3*r**2 + 3*r - 7. Calculate the remainder when c(l) is divided by 16.
13
Let i(v) = 8*v**2 - 14*v - 6. Calculate the remainder when i(7) is divided by 96.
0
Suppose 3*q + v = 26, 0 = q + 5*v - 17 - 1. What is the remainder when 16 is divided by q?
0
Let k = 0 - 0. Suppose -4*m + 18 + 2 = k. Suppose -2*r = -7*r + 45. Calculate the remainder when r is divided by m.
4
Suppose 0 = -v - 5, -18 = 4*r - 3*r + 5*v. Let u(g) = 2*g**2 + g + 9. Let x be u(r). Let y = -76 + x. What is the remainder when y is divided by 13?
12
Suppose 0 = 3*f - 2 + 65. Let n = 40 + f. Suppose 2*d = 4*d - 3*g - 112, -3*d + 163 = -2*g. Calculate the remainder when d is divided by n.
15
Suppose -t = 1 + 1, 0 = -a - t + 2. Suppose -v - 2*l - 7 = -3, -36 = -5*v + a*l. Calculate the remainder when 30 is divided by v.
2
Let z = 47 - 46. What is the remainder when (11/(-33))/((-1)/402*z) is divided by 34?
32
Calculate the remainder when 233 is divided by (-4*6)/((-60)/200).
73
Let q = 128 - 54. Suppose -3*u = -z + 23, 4*z - 4*u + u = q. What is the remainder when z is divided by 9?
8
Suppose -5*z - 9 = 6. Suppose -a + 27 = h - 0*h, -79 = -2*h + 3*a. Calculate the remainder when h is divided by 1 + 19 + z/1.
15
Suppose 2*l - 124 = 2*p + 58, 4*l = p + 373. What is the remainder when 1032 is divided by l?
92
Let r = -24 + 26. Suppose 0*d - 20 = -4*d. Suppose -d*b + 4*y = -410, 2*b + 224 = 5*b + r*y. What is the remainder when b is divided by 27?
24
Let y(p) = 3*p**2 - 10*p - 87. Calculate the remainder when y(-8) is divided by 9.
5
Suppose -13*i = -334 - 3852. What is the remainder when i is divided by 115?
92
Let t(n) = 98*n - 1. Let m be t(4). Suppose -4*z + 3*o = -z - 237, m = 5*z - o. Suppose -6*q + z + 66 = 0. Calculate th